when 855 is divided by d?
117
Let w = 39 - -48. Let s = 185 - 96. Suppose 0 = 5*l - 26 - s. Calculate the remainder when w is divided by l.
18
Let t be (-3)/2 - (-7)/((-28)/(-534)). Suppose -54*r - t = -57*r. Calculate the remainder when r is divided by 7 + (0/2 - -1).
4
Let s(l) = 5*l**2 - 16*l + 8. Let q be s(7). Suppose 7*i - q = 6. Calculate the remainder when 77 is divided by i.
14
Let t(j) = 7*j**2 - 57*j + 5. Let h be t(8). What is the remainder when (15 + 3)*h/(-2) is divided by 2/(-6) + 116/6?
8
Let z = -5093 + 8864. Suppose -z = -26*m - 989. What is the remainder when m is divided by 16?
11
Suppose -61 = -6*j + 7*j - 5*a, 4*a + 20 = 0. Let w = j - -135. What is the remainder when w is divided by 26?
23
Let x = 6753 + -6231. Calculate the remainder when x is divided by 74.
4
Let d(q) = -5*q**2 + 126*q + 292. What is the remainder when 1665 is divided by d(27)?
48
Let l = 3617 - 3599. Calculate the remainder when 305 is divided by l.
17
Let y(q) = -q**3 - 14*q**2 + 3*q + 44. Let k be y(-15). Suppose k = 22*z - 6*z. Calculate the remainder when (-1)/((2*1/66)/(-2)) is divided by z.
10
Suppose -2*w + 8*w = 14*w - 392. Calculate the remainder when 59 is divided by w.
10
Suppose 700 = 12*l - 2*l. Let o = -92 + 92. Suppose b + 3*x = 11, o = 2*b + 2*x - 0 - 42. What is the remainder when l is divided by b?
18
Let j(h) = -12*h + 4. Let a = -776 - -866. Suppose -15*s + a = -405. Calculate the remainder when j(-5) is divided by s.
31
Suppose 190*h - 8 = 188*h. Suppose 0 = f - 3*d + d - 71, -h*d = 4*f - 236. What is the remainder when f is divided by 6?
3
Suppose -g = l + 7, 5*g - 33*l - 29 = -30*l. Suppose 4*h - 9 = -1. What is the remainder when h is divided by g?
0
Let k(v) be the first derivative of v**4/4 + 5*v**3 - 17*v**2/2 + 5*v + 79. What is the remainder when 77 is divided by k(-16)?
14
Suppose -20*t + 2 + 198 = 0. Suppose -t*d = -69*d + 12803. What is the remainder when d is divided by 17?
13
Let w = 2263 - 2218. Suppose -5*g + 69 = 19. Calculate the remainder when w is divided by g.
5
Suppose -x + 37 = 4*t, 3*x - t - 128 = 4*t. Let i = x + -2. Let y(m) = -m**2 + 22*m + 189. Calculate the remainder when i is divided by y(28).
18
Let a = -9 - -14. Suppose -a*i + 17 + 3 = 0. Calculate the remainder when -3 - 49/(-17) - 2562/(-102) is divided by i.
1
Suppose 0 = -23*q + 58*q - 10920. Let s = q - -399. Calculate the remainder when s is divided by 31.
29
Let p(z) = -2*z**3 + z**2 - z + 1. Let x(f) = 11*f**3 - 29*f**2 - 9*f - 1. Let a(l) = -6*p(l) - x(l). Calculate the remainder when a(-22) is divided by 50.
49
Let b = -978 - -1439. Suppose -53 + b = 8*z. Calculate the remainder when z is divided by 26.
25
Suppose -224*b + 227*b = -2*w + 1415, -2380 = -5*b + w. Calculate the remainder when b is divided by 34.
33
What is the remainder when 25173/(-2)*19/(1197/(-42)) is divided by 2797?
0
Let q(k) = k**2 + 20*k + 46. Let x be q(-18). Suppose -205 - 175 = -x*y. Calculate the remainder when 105 is divided by y.
29
Suppose 6*o = 7*o - 2*n - 42, 4*o - 4*n = 180. What is the remainder when o is divided by 22?
4
Let m = 492 + -459. Suppose 296*g + m = 299*g. What is the remainder when (-20)/3*6/(-2) is divided by g?
9
What is the remainder when (-8)/3*(4 + -2 + 270010/(-104)) is divided by 17?
16
Suppose 5*u + 23 = 2*o, 2*o - 4*u + 3*u - 19 = 0. Calculate the remainder when 950 is divided by o.
5
Suppose 2*b = 5*n + 14, 0 = -3*b + 2*n - 4*n + 2. Suppose -111 = -b*v - v. Suppose -44 + 304 = 26*m. What is the remainder when v is divided by m?
7
Let g be ((-15)/(-1))/(-5) - -7. Let q(b) = -b - 1775 + 1777 - b**3 - 3*b**2 + g*b**3. Calculate the remainder when 22 is divided by q(2).
10
Let r = 4210 - -1602. What is the remainder when r is divided by 114?
112
Suppose 3940 + 278 = 57*t. Calculate the remainder when 126 is divided by t.
52
Let l(f) = f**3 + f**2 - 20*f + 173. Calculate the remainder when l(0) is divided by 112.
61
Suppose 8*n = 19*n. Suppose n = -17*z + 21*z - 136. Calculate the remainder when z is divided by 18.
16
Let s(j) = -j**3 + 13*j**2 + 10*j + 14. Let v be s(12). Suppose 7*h - 1283 = v. Calculate the remainder when h is divided by 32.
31
Let j = 167 + -155. Suppose 3*t + j = 48. Calculate the remainder when t is divided by 4.
0
Let o(v) = 10*v**2 - 41*v - 111. Calculate the remainder when o(33) is divided by 11.
10
Suppose -3*u + 199 = 2*u + d, 2*d = -u + 47. Let n = -36 + u. Suppose n*r - 84 = 36. Calculate the remainder when r is divided by 14.
12
Let s(k) = -2*k**2 + 39*k + 570. What is the remainder when s(28) is divided by 92?
2
Let g = -972 + 1233. Calculate the remainder when 1038 is divided by g.
255
Let h = 321 + -321. Suppose -z + 185 = -2*s + 7*s, 205 = 5*s + 5*z. Calculate the remainder when 71 is divided by h/17 + 1 + s.
34
Let y(k) = 6*k + 35. Let a be y(-10). Let o be (408/(-2))/(a/10 + 1). Suppose -12*x + o = -188. What is the remainder when 80 is divided by x?
26
Let m(q) = -q**3 + 6*q**2 + 3*q - 6. Let v = 140 + -119. Suppose -v = 5*o - 8*o. Calculate the remainder when m(6) is divided by o.
5
Let p(w) = -18*w - 44. Let v be p(-5). Suppose -q - 142 = -4*y, 0 = v*y - 43*y + 3*q - 99. What is the remainder when 278 is divided by y?
33
Let p(m) = 4*m**3 - m**2 + 4 - 1 - 5*m**3. Let l be p(0). Suppose -l*o = -178 - 275. Calculate the remainder when o is divided by 38.
37
Let n(z) = -2936*z**3 - 19*z - 39. What is the remainder when n(-2) is divided by 290?
287
Let v = 7 - 32. Suppose -5*l = 2*z + 150, -5*l + 2*z - 180 = -2*z. Let s = v - l. What is the remainder when 38 is divided by s?
3
Suppose -9*g - 8*g + 9216 = -9*g. Calculate the remainder when g is divided by 158.
46
Let k(a) = 12*a - 50. Let o be k(8). Suppose -3*z - n + o = 131, 5*n = -4*z - 95. Calculate the remainder when 20 is divided by (-10)/z*21*1.
6
Let g(w) = 2*w - 28. Let h be g(14). Suppose -19*r + 27*r - 136 = h. Let m = 55 - r. Calculate the remainder when m is divided by 22.
16
Let l(v) = v**3 + 6*v**2 - 2*v + 4. Let c be (-267)/(-9) - (-2)/(-3). Suppose 0 = i + c - 44. What is the remainder when l(-5) is divided by i?
9
Suppose -2*i + 38 = 2*v, 0 = 5*i - v - 68 - 33. Suppose -l - 64 = -3*k, i = k + 3*l - 18. Calculate the remainder when 25 is divided by k.
2
Suppose 2*l - 12*p + 16*p = 146, 374 = 5*l + p. What is the remainder when l is divided by 11?
9
Let c be 4/(-6)*60/40. Calculate the remainder when ((-2832)/(-96))/(c + (-3)/(-2)) is divided by 12.
11
Let w = -18 + 55. Let y = -11 + 78. What is the remainder when w is divided by -1 - (-2 - y)/3?
15
Let k = 175 - 173. Suppose b + 122 = k*m + 4*b, -5*m = -4*b - 305. What is the remainder when m is divided by 36?
25
Suppose -2*x = -3*f + 41, -f = -4*x - 17 + 10. Calculate the remainder when (1*2)/(22/1243) is divided by f.
8
Suppose 30*h = 38*h - 240. Let p = 76 - h. What is the remainder when 183 is divided by p?
45
Let t(y) be the second derivative of -y**4/6 + 21*y**3/2 + 17*y**2/2 + 29*y. Let q be t(31). What is the remainder when q - ((-5 - -1) + 6) is divided by 8?
6
Let k be -40 - (-12)/(0 + 4). Let a be 4 - 3 - 4 - k. Suppose -2*o + 56 = 4*h - a, 2*o + 2 = 0. Calculate the remainder when 67 is divided by h.
21
Suppose -3*j + 13*d = 8*d - 1090, 0 = -4*j + 3*d + 1435. What is the remainder when j is divided by 110?
25
Suppose -4*o - 16 = -c, -4*o + 19 = 3*c + 51. Let k = -193 - -200. What is the remainder when o*(1 - (2 + 1)) is divided by k?
3
Suppose -3*j + 12 = 3. Suppose 0 = 10*q - 11*q - 60. Let w = q - -65. What is the remainder when w is divided by j?
2
Let y(k) = -3*k + 6. Suppose 0 = 195*s - 191*s - 428. Calculate the remainder when s is divided by y(-4).
17
Suppose -u - 220 = -3*b, 31 = 2*b + 5*u - 144. Let q = 4 + -41. What is the remainder when b is divided by 2/(q/13 + 3)?
10
Calculate the remainder when 302 is divided by 942/6 - 1/4*-4.
144
Suppose -147*o - 3*u + 669 = -145*o, o = 2*u + 317. What is the remainder when 682 is divided by o?
28
Let u = -19466 - -19527. What is the remainder when 4288 is divided by u?
18
Let z be ((-48)/(-18))/(-2 - (-1040)/516). Let a = z - 169. What is the remainder when 12 is divided by a?
0
Let o(h) = 9*h - 14. Let r be o(2). Let m be (-7)/(-2)*-52*(-2)/r. Suppose -4*x + m = -69. What is the remainder when 118 is divided by x?
38
Let 